1231.
1231
List the prime factors of 54309.
3, 43, 421
List the prime factors of 155.
5, 31
What are the prime factors of 21063?
3, 7, 17, 59
What are the prime factors of 8677?
8677
List the prime factors of 18825.
3, 5, 251
What are the prime factors of 75?
3, 5
List the prime factors of 804.
2, 3, 67
What are the prime factors of 40970?
2, 5, 17, 241
What are the prime factors of 27434?
2, 11, 29, 43
List the prime factors of 98072.
2, 13, 23, 41
What are the prime factors of 10014?
2, 3, 1669
List the prime factors of 10250.
2, 5, 41
What are the prime factors of 97981?
13, 7537
What are the prime factors of 444?
2, 3, 37
What are the prime factors of 107927?
107927
List the prime factors of 922.
2, 461
List the prime factors of 331.
331
List the prime factors of 5101.
5101
What are the prime factors of 725?
5, 29
What are the prime factors of 72703?
23, 29, 109
List the prime factors of 103752.
2, 3, 11, 131
List the prime factors of 477.
3, 53
What are the prime factors of 3059?
7, 19, 23
What are the prime factors of 3244?
2, 811
What are the prime factors of 51913?
51913
What are the prime factors of 286?
2, 11, 13
List the prime factors of 1705.
5, 11, 31
List the prime factors of 1468.
2, 367
What are the prime factors of 5406?
2, 3, 17, 53
What are the prime factors of 20501?
13, 19, 83
What are the prime factors of 2403?
3, 89
What are the prime factors of 28390?
2, 5, 17, 167
What are the prime factors of 29874?
2, 3, 13, 383
What are the prime factors of 17143?
7, 31, 79
List the prime factors of 872.
2, 109
List the prime factors of 727.
727
List the prime factors of 5727.
3, 23, 83
List the prime factors of 1808.
2, 113
List the prime factors of 974.
2, 487
What are the prime factors of 1727?
11, 157
List the prime factors of 806.
2, 13, 31
List the prime factors of 1925.
5, 7, 11
List the prime factors of 268.
2, 67
What are the prime factors of 17085?
3, 5, 17, 67
List the prime factors of 5943.
3, 7, 283
List the prime factors of 4065.
3, 5, 271
List the prime factors of 63976.
2, 11, 727
What are the prime factors of 93488?
2, 5843
What are the prime factors of 10598?
2, 7, 757
List the prime factors of 7051.
11, 641
List the prime factors of 4907.
7, 701
What are the prime factors of 2699?
2699
List the prime factors of 6035.
5, 17, 71
List the prime factors of 51545.
5, 13, 61
List the prime factors of 5381.
5381
List the prime factors of 911.
911
List the prime factors of 4620.
2, 3, 5, 7, 11
What are the prime factors of 38050?
2, 5, 761
List the prime factors of 2295.
3, 5, 17
What are the prime factors of 74647?
17, 4391
List the prime factors of 24248.
2, 7, 433
What are the prime factors of 5455?
5, 1091
What are the prime factors of 2928?
2, 3, 61
What are the prime factors of 5368?
2, 11, 61
What are the prime factors of 3483?
3, 43
List the prime factors of 894.
2, 3, 149
What are the prime factors of 62855?
5, 13, 967
List the prime factors of 284.
2, 71
List the prime factors of 5043.
3, 41
What are the prime factors of 2145?
3, 5, 11, 13
List the prime factors of 3542.
2, 7, 11, 23
What are the prime factors of 3877?
3877
List the prime factors of 64267.
7, 9181
What are the prime factors of 27559?
7, 31, 127
What are the prime factors of 215?
5, 43
What are the prime factors of 3661?
7, 523
What are the prime factors of 28300?
2, 5, 283
What are the prime factors of 425?
5, 17
List the prime factors of 10024.
2, 7, 179
What are the prime factors of 13435?
5, 2687
List the prime factors of 8200.
2, 5, 41
What are the prime factors of 21424?
2, 13, 103
List the prime factors of 2094.
2, 3, 349
List the prime factors of 4180.
2, 5, 11, 19
List the prime factors of 74187.
3, 8243
List the prime factors of 65441.
31, 2111
What are the prime factors of 75?
3, 5
What are the prime factors of 3878?
2, 7, 277
List the prime factors of 8735.
5, 1747
What are the prime factors of 5574?
2, 3, 929
What are the prime factors of 519?
3, 173
What are the prime factors of 35286?
2, 3, 5881
List the prime factors of 6643.
7, 13, 73
List the prime factors of 621.
3, 23
What are the prime factors of 22406?
2, 17, 659
List the prime factors of 12328.
2, 23, 67
What are the prime factors of 1538?
2, 769
List the prime factors of 1697.
1697
List the prime factors of 12124.
2, 7, 433
List the prime factors of 12679.
31, 409
What are the prime factors of 810?
2, 3, 5
What are the prime factors of 2311?
2311
What are the prime factors of 1745?
5, 349
List the prime factors of 722.
2, 19
What are the prime factors of 5482?
2, 2741
What are the prime factors of 13933?
13933
List the prime factors of 143547.
3, 59, 811
List the prime factors of 1879.
1879
What are the prime factors of 1283?
1283
What are the prime factors of 679?
7, 97
List the prime factors of 42401.
109, 389
List the prime factors of 2280.
2, 3, 5, 19
What are the prime factors of 4764?
2, 3, 397
What are the prime factors of 8605?
5, 1721
List the prime factors of 6009.
3, 2003
What are the prime factors of 10357?
10357
List the prime factors of 93937.
93937
What are the prime factors of 15308?
2, 43, 89
What are the prime factors of 2670?
2, 3, 5, 89
What are the prime factors of 280?
2, 5, 7
List the prime factors of 2158.
2, 13, 83
What are the prime factors of 9768?
2, 3, 11, 37
What are the prime factors of 167470?
2, 5, 16747
What are the prime factors of 6794?
2, 43, 79
What are the prime factors of 11096?
2, 19, 73
What are the prime factors of 2982?
2, 3, 7, 71
What are the prime factors of 440?
2, 5, 11
What are the prime factors of 6195?
3, 5, 7, 59
What are the prime factors of 2042?
2, 1021
List the prime factors of 45418.
2, 22709
What are the prime factors of 8080?
2, 5, 101
What are the prime factors of 38741?
19, 2039
List the prime factors of 540.
2, 3, 5
List the prime factors of 25374.
2, 3, 4229
List the prime factors of 30941.
30941
List the prime factors of 918.
2, 3, 17
List the prime factors of 1846.
2, 13, 71
What are the prime factors of 1252?
2, 313
What are the prime factors of 831?
3, 277
List the prime factors of 14384.
2, 29, 31
List the prime factors of 8278.
2, 4139
What are the prime factors of 98211?
3, 19, 1723
What are the prime factors of 6066?
2, 3, 337
List the prime factors of 14519.
14519
List the prime factors of 17517.
3, 5839
What are the prime factors of 6897?
3, 11, 19
List the prime factors of 44630.
2, 5, 4463
What are the prime factors of 11895?
3, 5, 13, 61
List the prime factors of 1074.
2, 3, 179
List the prime factors of 7686.
2, 3, 7, 61
What are the prime factors of 8368?
2, 523
List the prime factors of 26005.
5, 7, 743
List the prime factors of 29365.
5, 7, 839
List the prime factors of 6804.
2, 3, 7
List the prime factors of 10028.
2, 23, 109
What are the prime factors of 8829?
3, 109
What are the prime factors of 89?
89
List the prime factors of 49097.
29, 1693
What are the prime factors of 3760?
2, 5, 47
What are the prime factors of 1732?
2, 433
What are the prime factors of 54958?
2, 27479
List the prime factors of 6388.
2, 1597
What are the prime factors of 3062?
2, 1531
What are the prime factors of 82448?
2, 5153
List the prime factors of 12654.
2, 3, 19, 37
List the prime factors of 64317.
3, 11, 1949
What are the prime factors of 34071?
3, 41, 277
What are the prime factors of 402?
2, 3, 67
List the prime factors of 4434.
2, 3, 739
List the prime factors of 235.
5, 47
List the prime factors of 997.
997
List the prime factors of 798.
2, 3, 7, 19
List the prime factors of 5775.
3, 5, 7, 11
What are the prime factors of 28547?
28547
What are the prime factors of 14857?
83, 179
List the prime factors of 108291.
3, 36097
List the prime factors of 8299.
43, 193
What are the prime factors of 523?
523
List the prime factors of 11153.
19, 587
What are the prime factors of 10562?
2, 5281
List the prime factors of 1323.
3, 7
What are the prime factors of 21662?
2, 10831
List the prime factors of 67180.
2, 5, 3359
What are the prime factors of 9591?
3, 23, 139
List the prime factors of 23324.
2, 7, 17
What are the prime factors of 17616?
2, 3, 367
What are the prime factors of 12001?
11, 1091
List the prime factors of 6329.
6329
List the prime factors of 1131.
3, 13, 29
List the prime factors of 32046.
2, 3